 Suppose 2*k = 5*q + 187, 3*k - 5*k - 4*q = -142. What is the highest common divisor of k and f?
9
Suppose -85 = -0*h - 5*h. Suppose 3*j + 3*b = 66, 0 = 2*j - b - 14 - 15. What is the greatest common factor of h and j?
17
Let o be (2*1)/((-3)/(-9)). Calculate the highest common divisor of o and 6.
6
Suppose 5*v - 7 = 2*l, 0*v - 1 = l - 2*v. What is the greatest common factor of 171 and l?
9
Suppose -a - 2*a = -246. Let f = a + -37. Let m be 9 + 0/(1*-1). Calculate the greatest common divisor of m and f.
9
Suppose -107 = -5*y + 4*a - 42, 0 = -4*y - 4*a + 88. Calculate the highest common factor of y and 136.
17
Suppose -3*w - 2*w - 16 = 4*q, 12 = -4*w - 3*q. Suppose w = -2*t - t + 120. What is the greatest common divisor of t and 16?
8
Suppose -5*i - 3*x = -17, -2*i + 5*i + 5*x = 7. Suppose 0 = i*l - 28 - 20. What is the greatest common divisor of l and 48?
12
Suppose -6*i + 3*i = -24. Calculate the greatest common factor of i and 1.
1
Let g = 317 - 160. Let s = 267 - g. Calculate the highest common divisor of 11 and s.
11
Let n = 5 - 5. Let h be -2 - 17*-1 - n. Let i(j) = 8*j**2 - 5*j - 3. Let k be i(4). What is the highest common divisor of h and k?
15
Suppose -b = -d - 6*b + 28, -7 = -d + 2*b. What is the greatest common factor of 65 and d?
13
Suppose -1 = -l + 3. Let o be ((-7)/l)/(9/(-288)). What is the highest common divisor of 8 and o?
8
Suppose -2*w - 6 = -14. Suppose 0 = -6*f + f + 20, -4*l + 4*f + w = 0. Calculate the highest common divisor of 40 and l.
5
Suppose -2*k + 2*b = -10, 3*b - 4*b = 4*k - 20. What is the highest common divisor of 25 and k?
5
Let r(n) be the third derivative of n**4/24 + n**3/3 + 2*n**2. Let u be r(-5). Let g = u - -7. What is the greatest common factor of g and 12?
4
Suppose 5*t + 54 = -j + 2*j, -51 = -j + 4*t. Suppose -2*l = n - 26, -5*l - j = -n + 22. What is the highest common factor of 54 and n?
18
Suppose 0 = 5*q - 2*q - 6. Suppose 6*y + 69 = 3*h + y, q*h - 5*y - 46 = 0. Calculate the greatest common divisor of h and 69.
23
Suppose 9 - 3 = 3*y. Let w be (550/15)/(y/3). Calculate the greatest common divisor of 11 and w.
11
Let l be 6 - 4 - (0 + 0). Let w be ((-32)/(-6))/(l/(-6)). Let p = w + 34. What is the greatest common factor of 90 and p?
18
Let c = 114 - 72. Calculate the greatest common divisor of c and 14.
14
Suppose -c = 3*c - 56. Let t = -89 + 131. Calculate the greatest common divisor of t and c.
14
Suppose 9*q - 2*q = 0. Suppose 0 = -2*o - q*o + 2*m, 3*m - 4 = o. Calculate the highest common divisor of o and 1.
1
Suppose -884 = -3*j + 4*a, -j + a = -a - 294. Calculate the greatest common factor of j and 37.
37
Let a(j) = j + 1. Let z be a(-7). Let w = -4 - z. Calculate the highest common divisor of 3 and w.
1
Suppose -397 = -i + 2*k, -4*i + k = -574 - 1049. Calculate the greatest common divisor of 37 and i.
37
Let h(l) = -2*l - 9. Let b = -14 - -8. Let m be h(b). Suppose -p + 0*g - 4*g + 18 = 0, 0 = 2*p + m*g - 21. What is the highest common divisor of p and 48?
6
Suppose -4 = -0*u - u. Suppose -q = -u*q + 21. Let n = q + 8. Calculate the highest common divisor of 105 and n.
15
Suppose -6*p + p = -310. Let q = p - -125. Let b be (-1)/(-6)*-2*-51. Calculate the greatest common factor of b and q.
17
Suppose 2 = -5*o + 12. Let q = 24 + -20. What is the highest common divisor of o and q?
2
Let v(i) = -i**3 - 2*i**2 + 12*i + 11. Let n be v(-5). Calculate the greatest common divisor of n and 78.
26
Let v be 2/(-6) + 124/12. Calculate the highest common divisor of 15 and v.
5
Let s(x) = -x**2 + 8*x + 10. Let l = 20 + -12. Let j be s(l). Suppose 69 + 151 = 2*b. Calculate the greatest common factor of b and j.
10
Let p(t) = -t**3 + 6*t**2 + 8*t - 4. Let g be p(7). Suppose -4*k = g*s - s - 96, s - 47 = -3*k. Calculate the highest common divisor of 20 and s.
10
Let k(m) = -2*m**2 + m + 147. Let b be k(0). Calculate the greatest common factor of 21 and b.
21
Suppose 55 = n - 64. Calculate the greatest common factor of 17 and n.
17
Let q(n) = -1 - n**2 - n**3 - 2*n**2 - 3. Let v be q(-4). What is the highest common divisor of v and 36?
12
Suppose -4*x = -17 + 1. Suppose 0 = -t - x*t. Let h be t - 10*1*-1. Calculate the highest common factor of 10 and h.
10
Suppose 3*p = 2*p - 2*h - 7, 0 = -2*p + 2*h + 16. Suppose 5*b - 5 = -2*y, 0 = p*b + 7*y - 2*y - 3. What is the greatest common divisor of 8 and b?
1
Let q(c) be the second derivative of 0 + 0*c**2 + 3/4*c**4 - c + 0*c**3. Let w be q(-1). Calculate the greatest common factor of 9 and w.
9
Suppose 4 = 2*u - 4. Suppose -7*n + 5*n + 12 = 0. Suppose -60 = -n*y + u*y. Calculate the highest common factor of 20 and y.
10
Let w = -7 + 16. What is the highest common divisor of w and 36?
9
Suppose 0 = -4*v + 4 + 28. Calculate the highest common divisor of v and 2.
2
Suppose -7*d = 4*k - 3*d, 35 = 4*k - 3*d. Calculate the greatest common factor of 5 and k.
5
Let u(g) = g - 6. Let m be u(-6). Let l be (1 - 9)*33/m. Calculate the highest common factor of 2 and l.
2
Let q be 1/((-3 - 0)/(-108)) - 3. What is the greatest common divisor of q and 3?
3
Suppose 3*m + 443 = 5*s, 4*s + 3*m = 8*m + 357. Let y = 148 - s. Let n = -40 + y. Calculate the greatest common factor of n and 5.
5
Let b = 21 - 9. Calculate the highest common factor of 96 and b.
12
Suppose 20 + 71 = 13*k. What is the highest common divisor of 49 and k?
7
Let q(t) = t**2 - 4*t - 9. Let i be q(7). Calculate the highest common divisor of 48 and i.
12
Let p be (0 - 87)*2/(-3). Suppose 0 = -2*y + 5*y - 3, -i - 2*y + p = 0. Calculate the greatest common divisor of 14 and i.
14
Suppose -l + 6*x - 7 = 3*x, 5*l - 25 = -5*x. Let a(s) = -3*s. Let f be a(-2). Suppose -f = 2*c - 3*c. Calculate the greatest common factor of c and l.
2
Let g = -9 + 16. Let u(m) = m**3 - 7*m**2 + 2*m - 1. Let p be u(g). What is the greatest common factor of 91 and p?
13
Let q(d) be the first derivative of d**3 + 2*d**2 - d + 3. Let u be q(-3). Calculate the highest common factor of u and 154.
14
Let h(y) = y**3 - 4*y**2 - 3*y - 2. Let v be h(5). Suppose 0 = -n, 20 + 16 = 3*c + 4*n. Calculate the greatest common divisor of c and v.
4
Let r be (-3 + -1)*1 - -11. Suppose -70 = -2*d + 5*h, d = -2*d - h + 105. What is the highest common divisor of r and d?
7
Let q = -76 + 196. What is the greatest common divisor of q and 40?
40
Let x(k) = -k**2 + 17*k - 24. Let h be x(12). What is the highest common factor of h and 18?
18
Suppose 2*q = 37 - 5. Suppose -5*v - u = -0*u - 66, 4*u = -q. Let z(t) = -3*t - 4. Let j be z(-6). What is the highest common divisor of j and v?
14
Let y be 12*(2 - 9/(-12)). Let t = -19 + y. Calculate the greatest common factor of t and 2.
2
Let r be (-6 - -2)*(-3)/4. Suppose 6*z - r = 3*z. Calculate the highest common divisor of 8 and z.
1
Let m(b) = -b**2 - 6*b. Let p be m(-6). Let i be 1/(-2)*(-8 + p). Calculate the highest common divisor of 36 and i.
4
Suppose -t = -0*t. Let a = t - -20. What is the highest common factor of 140 and a?
20
Let h = 20 + -19. Calculate the greatest common divisor of h and 5.
1
Let a be ((-12)/4 - -7) + 24. What is the greatest common factor of 14 and a?
14
Suppose 4*a + 0*a = 5*z - 20, 0 = 4*a - 20. Suppose -4*n + 79 = m, 0*m - 5 = 5*m. Calculate the highest common factor of z and n.
4
Let m(f) = -12*f + 1. Let n(c) = 12*c - 1. Let q(k) = 4*m(k) + 3*n(k). Let g be q(-1). What is the highest common divisor of g and 13?
13
Let u(g) = g - 9. Let x be u(14). What is the greatest common divisor of 15 and x?
5
Let n(f) = -4*f - 5. Let x be n(-5). Let s = 6 - 1. Suppose s*d - 108 = 492. Calculate the highest common divisor of d and x.
15
Suppose -4*u - n + 219 = 0, 11*n - 6*n + 60 = u. What is the highest common factor of u and 11?
11
Let c be (-24)/(-16)*(-200)/(-3). Calculate the highest common divisor of c and 25.
25
Let w = -7 + -7. Let x be ((-6)/4)/((-1)/(-2)). Let m be (w/x)/((-2)/(-18)). Calculate the highest common factor of m and 6.
6
Let x(v) = -v**3 - 6*v**2 - v + 2. Let f be x(-6). Let c be 2/f - 3/12. Suppose c*p - 60 = -4*p. Calculate the highest common divisor of 135 and p.
15
Suppose 8 = 4*r, -3*f + 4*f + 2*r = -6. Let t be f/(-30)*(-39)/(-1). Calculate the greatest common factor of 91 and t.
13
Let l = -33 - -79. What is the highest common factor of l and 23?
23
Let x = -7 -